{"id":1136,"date":"2017-03-17T02:53:04","date_gmt":"2017-03-17T01:53:04","guid":{"rendered":"http:\/\/tennisclub86-ovenhausen.lima-city.de\/?page_id=1136"},"modified":"2017-03-17T02:53:04","modified_gmt":"2017-03-17T01:53:04","slug":"informationen","status":"publish","type":"page","link":"https:\/\/tennisclub86-ovenhausen.lima-city.de\/?page_id=1136","title":{"rendered":"Informationen"},"content":{"rendered":"<p>Das Ranglistentennis wird \u00fcber die komplette Saison angeboten. Auf Magnetfelder stehen die Namen der Teilnehmer(aktiven Spieler), diese werden auf der Rangliste angebracht. Das Ranglistentennis wird unterteilt in Damen, Herren und Kinder. Die Ranglisten h\u00e4ngen direkt im Eingangsbereich vom Tennisheim, nach einer gespielten Partie k\u00f6nnen die Magnetfelder passend versetzt werden.<br \/>\n<strong><u>Informationen zur Durchf\u00fchrung:<\/u> <\/strong>Zu Beginn wird jede Spielerin \/ jeder Spieler auf der Rangliste gesetzt. Die Teilnehmer k\u00f6nnen ab Beginn der Saison je nach Positionierung andere Spielerinnen \/ Spieler herausfordern um in der Rangliste h\u00f6her zu steigen. Der Herausforderer nimmt bei einem gewonnen Spiel den Platz des Herausgeforderten ein. Erscheint ein herausgeforderter Spieler zweimal nicht zum abgesprochenen Herausforderungstermin, wird das Spiel als Sieg f\u00fcr den Forderer gewertet.<br \/>\n<em><strong>Gefordert werden darf:<\/strong><\/em><br \/>\n<strong>1.<\/strong> Die Spieler in der selben Reihe.<br \/>\n<strong>2.<\/strong> Die Spieler in der n\u00e4chsth\u00f6heren Reihe rechts \u00fcber dem Forderer.<\/p>\n<p>Hier ein Beispiel! (Rangliste 2017)<br \/>\n<a href=\"https:\/\/tennisclub86-ovenhausen.lima-city.de\/wp-content\/uploads\/2017\/03\/Unbenannt-1.jpg\"><img loading=\"lazy\" decoding=\"async\" class=\"alignnone wp-image-1103\" src=\"https:\/\/tennisclub86-ovenhausen.lima-city.de\/wp-content\/uploads\/2017\/03\/Unbenannt-1-650x1024.jpg\" alt=\"\" width=\"290\" height=\"457\" srcset=\"https:\/\/tennisclub86-ovenhausen.lima-city.de\/wp-content\/uploads\/2017\/03\/Unbenannt-1-650x1024.jpg 650w, https:\/\/tennisclub86-ovenhausen.lima-city.de\/wp-content\/uploads\/2017\/03\/Unbenannt-1-184x290.jpg 184w, https:\/\/tennisclub86-ovenhausen.lima-city.de\/wp-content\/uploads\/2017\/03\/Unbenannt-1-768x1211.jpg 768w, https:\/\/tennisclub86-ovenhausen.lima-city.de\/wp-content\/uploads\/2017\/03\/Unbenannt-1.jpg 1218w\" sizes=\"auto, (max-width: 290px) 100vw, 290px\" \/><\/a>\u00a0 <a href=\"https:\/\/tennisclub86-ovenhausen.lima-city.de\/wp-content\/uploads\/2017\/03\/Rangliste.jpg\"><img loading=\"lazy\" decoding=\"async\" class=\"alignnone wp-image-1104\" src=\"https:\/\/tennisclub86-ovenhausen.lima-city.de\/wp-content\/uploads\/2017\/03\/Rangliste-992x1024.jpg\" alt=\"\" width=\"290\" height=\"299\" srcset=\"https:\/\/tennisclub86-ovenhausen.lima-city.de\/wp-content\/uploads\/2017\/03\/Rangliste-992x1024.jpg 992w, https:\/\/tennisclub86-ovenhausen.lima-city.de\/wp-content\/uploads\/2017\/03\/Rangliste-281x290.jpg 281w, https:\/\/tennisclub86-ovenhausen.lima-city.de\/wp-content\/uploads\/2017\/03\/Rangliste-768x793.jpg 768w, https:\/\/tennisclub86-ovenhausen.lima-city.de\/wp-content\/uploads\/2017\/03\/Rangliste.jpg 1398w\" sizes=\"auto, (max-width: 290px) 100vw, 290px\" \/><\/a><\/p>\n","protected":false},"excerpt":{"rendered":"<p>Das Ranglistentennis wird \u00fcber die komplette Saison angeboten. Auf Magnetfelder stehen die Namen der Teilnehmer(aktiven Spieler), diese werden auf der Rangliste angebracht. Das Ranglistentennis wird unterteilt in Damen, Herren und Kinder. Die Ranglisten h\u00e4ngen direkt im Eingangsbereich vom Tennisheim, nach&hellip; <\/p>\n","protected":false},"author":1,"featured_media":0,"parent":1132,"menu_order":0,"comment_status":"closed","ping_status":"closed","template":"","meta":{"_mc_calendar":[],"footnotes":""},"class_list":["post-1136","page","type-page","status-publish","hentry"],"_links":{"self":[{"href":"https:\/\/tennisclub86-ovenhausen.lima-city.de\/index.php?rest_route=\/wp\/v2\/pages\/1136","targetHints":{"allow":["GET"]}}],"collection":[{"href":"https:\/\/tennisclub86-ovenhausen.lima-city.de\/index.php?rest_route=\/wp\/v2\/pages"}],"about":[{"href":"https:\/\/tennisclub86-ovenhausen.lima-city.de\/index.php?rest_route=\/wp\/v2\/types\/page"}],"author":[{"embeddable":true,"href":"https:\/\/tennisclub86-ovenhausen.lima-city.de\/index.php?rest_route=\/wp\/v2\/users\/1"}],"replies":[{"embeddable":true,"href":"https:\/\/tennisclub86-ovenhausen.lima-city.de\/index.php?rest_route=%2Fwp%2Fv2%2Fcomments&post=1136"}],"version-history":[{"count":1,"href":"https:\/\/tennisclub86-ovenhausen.lima-city.de\/index.php?rest_route=\/wp\/v2\/pages\/1136\/revisions"}],"predecessor-version":[{"id":1137,"href":"https:\/\/tennisclub86-ovenhausen.lima-city.de\/index.php?rest_route=\/wp\/v2\/pages\/1136\/revisions\/1137"}],"up":[{"embeddable":true,"href":"https:\/\/tennisclub86-ovenhausen.lima-city.de\/index.php?rest_route=\/wp\/v2\/pages\/1132"}],"wp:attachment":[{"href":"https:\/\/tennisclub86-ovenhausen.lima-city.de\/index.php?rest_route=%2Fwp%2Fv2%2Fmedia&parent=1136"}],"curies":[{"name":"wp","href":"https:\/\/api.w.org\/{rel}","templated":true}]}}