{"id":1477,"date":"2018-05-07T21:15:02","date_gmt":"2018-05-07T19:15:02","guid":{"rendered":"http:\/\/tennisclub86-ovenhausen.lima-city.de\/?page_id=1477"},"modified":"2018-10-25T13:20:19","modified_gmt":"2018-10-25T11:20:19","slug":"1477-2","status":"publish","type":"page","link":"https:\/\/tennisclub86-ovenhausen.lima-city.de\/?page_id=1477","title":{"rendered":"2018"},"content":{"rendered":"<p>Am Sonntag, den 06.05.2018 um 13:00Uhr fand das Schleifchenturnier des TC\u00b486 Ovenhausen auf der Tennisanlage in Ovenhausen statt. Bei fantastischen Wetter (24 Grad und leichter Wind) konnten wir auf dem bestens hergerichteten Platz das Schleifchenturnier 2018 ausspielen.<\/p>\n<p>Hierbei werden die Partien ausgelost und Tennis- Doppel gespielt. Bei einem Sieg nach 15min Spielzeit bekommen die beiden Sieger des Tennis- Doppel ein Schleifchen. Wer am Ende des Turniers die meisten Schleifchen \/ Punkte gesammelt hat wird Turniersieger.<\/p>\n<p>Insgesamt nahmen 14 Spieler in diesem Jahr am Schleifchenturnier teil. Auf der Tennisanlage waren \u00fcber den Veranstaltungszeitraum ca. 30 Mitglieder anwesend. Hierf\u00fcr einen gro\u00dfen Dank an alle Teilnehmer der Veranstaltung.<\/p>\n<p><a href=\"https:\/\/tennisclub86-ovenhausen.lima-city.de\/wp-content\/uploads\/2018\/05\/Gesamtfoto.jpg\"><img loading=\"lazy\" decoding=\"async\" class=\"alignnone size-large wp-image-1461\" src=\"https:\/\/tennisclub86-ovenhausen.lima-city.de\/wp-content\/uploads\/2018\/05\/Gesamtfoto-1024x706.jpg\" alt=\"\" width=\"700\" height=\"483\" srcset=\"https:\/\/tennisclub86-ovenhausen.lima-city.de\/wp-content\/uploads\/2018\/05\/Gesamtfoto-1024x706.jpg 1024w, https:\/\/tennisclub86-ovenhausen.lima-city.de\/wp-content\/uploads\/2018\/05\/Gesamtfoto-290x200.jpg 290w, https:\/\/tennisclub86-ovenhausen.lima-city.de\/wp-content\/uploads\/2018\/05\/Gesamtfoto-768x530.jpg 768w, https:\/\/tennisclub86-ovenhausen.lima-city.de\/wp-content\/uploads\/2018\/05\/Gesamtfoto.jpg 1920w\" sizes=\"auto, (max-width: 700px) 100vw, 700px\" \/><\/a><\/p>\n<p>W\u00e4hrend der Veranstaltung gab es Kaffee und Kuchen, k\u00fchle Getr\u00e4nke und zum Abschluss wurden W\u00fcrstchen und Lummersteak gegrillt. Nette Gespr\u00e4che und eine tolle Stimmung rundeten den Saisonstart ab.<\/p>\n<p><a href=\"https:\/\/tennisclub86-ovenhausen.lima-city.de\/wp-content\/uploads\/2018\/05\/DSC_3448.jpg\"><img loading=\"lazy\" decoding=\"async\" class=\"alignnone size-large wp-image-1462\" src=\"https:\/\/tennisclub86-ovenhausen.lima-city.de\/wp-content\/uploads\/2018\/05\/DSC_3448-1024x680.jpg\" alt=\"\" width=\"700\" height=\"465\" srcset=\"https:\/\/tennisclub86-ovenhausen.lima-city.de\/wp-content\/uploads\/2018\/05\/DSC_3448-1024x680.jpg 1024w, https:\/\/tennisclub86-ovenhausen.lima-city.de\/wp-content\/uploads\/2018\/05\/DSC_3448-290x193.jpg 290w, https:\/\/tennisclub86-ovenhausen.lima-city.de\/wp-content\/uploads\/2018\/05\/DSC_3448-768x510.jpg 768w, https:\/\/tennisclub86-ovenhausen.lima-city.de\/wp-content\/uploads\/2018\/05\/DSC_3448.jpg 1920w\" sizes=\"auto, (max-width: 700px) 100vw, 700px\" \/><\/a><\/p>\n<p>In diesem Jahr gab es erstmals f\u00fcr Platz 1-3 gro\u00dfe Siegerschleifen mit einem extra angefertigten Innendruck &#8211; &#8222;1.Platz\/2.Platz\/3.Platz Schleifchenturnier TC\u00b486 Ovenhausen 2018&#8220;, sowie kleinere Pr\u00e4mien und passende Urkunden.<\/p>\n<p><a href=\"https:\/\/tennisclub86-ovenhausen.lima-city.de\/wp-content\/uploads\/2018\/04\/Schleifchenturnier.jpg\"><img loading=\"lazy\" decoding=\"async\" class=\"alignnone size-large wp-image-1450\" src=\"https:\/\/tennisclub86-ovenhausen.lima-city.de\/wp-content\/uploads\/2018\/04\/Schleifchenturnier-1024x736.jpg\" alt=\"\" width=\"700\" height=\"503\" srcset=\"https:\/\/tennisclub86-ovenhausen.lima-city.de\/wp-content\/uploads\/2018\/04\/Schleifchenturnier-1024x736.jpg 1024w, https:\/\/tennisclub86-ovenhausen.lima-city.de\/wp-content\/uploads\/2018\/04\/Schleifchenturnier-290x208.jpg 290w, https:\/\/tennisclub86-ovenhausen.lima-city.de\/wp-content\/uploads\/2018\/04\/Schleifchenturnier-768x552.jpg 768w, https:\/\/tennisclub86-ovenhausen.lima-city.de\/wp-content\/uploads\/2018\/04\/Schleifchenturnier-474x342.jpg 474w, https:\/\/tennisclub86-ovenhausen.lima-city.de\/wp-content\/uploads\/2018\/04\/Schleifchenturnier.jpg 1252w\" sizes=\"auto, (max-width: 700px) 100vw, 700px\" \/><\/a><\/p>\n<p><strong>Das Schleifchenturnier gewann in diesem Jahr Andr\u00e9 Meyer.<\/strong><\/p>\n<p><em><strong>Platz 1 Andr\u00e9 Meye<\/strong><strong>r<\/strong><\/em> mit 4 Schleifchen aus 4 Spielen und 18 Punkten.<br \/>\n<em><strong>Platz 2 Elmar Derwig<\/strong><\/em> mit 4 Schleifchen aus 4 Spielen und 14 Punken.<br \/>\n<em><strong>Platz 3 Alfons Kleine<\/strong><\/em> mit 4 Schleifchen aus 4 Spielen und 12 Punken.<\/p>\n<p><a href=\"https:\/\/tennisclub86-ovenhausen.lima-city.de\/wp-content\/uploads\/2018\/05\/Sieger-2018-Schleifchenturnier.jpg\"><img loading=\"lazy\" decoding=\"async\" class=\"alignnone size-large wp-image-1460\" src=\"https:\/\/tennisclub86-ovenhausen.lima-city.de\/wp-content\/uploads\/2018\/05\/Sieger-2018-Schleifchenturnier-796x1024.jpg\" alt=\"\" width=\"700\" height=\"901\" srcset=\"https:\/\/tennisclub86-ovenhausen.lima-city.de\/wp-content\/uploads\/2018\/05\/Sieger-2018-Schleifchenturnier-796x1024.jpg 796w, https:\/\/tennisclub86-ovenhausen.lima-city.de\/wp-content\/uploads\/2018\/05\/Sieger-2018-Schleifchenturnier-225x290.jpg 225w, https:\/\/tennisclub86-ovenhausen.lima-city.de\/wp-content\/uploads\/2018\/05\/Sieger-2018-Schleifchenturnier-768x988.jpg 768w, https:\/\/tennisclub86-ovenhausen.lima-city.de\/wp-content\/uploads\/2018\/05\/Sieger-2018-Schleifchenturnier.jpg 1492w\" sizes=\"auto, (max-width: 700px) 100vw, 700px\" \/><\/a><\/p>\n<p><strong>Impressionen:<\/strong><\/p>\n<p><a href=\"https:\/\/tennisclub86-ovenhausen.lima-city.de\/wp-content\/uploads\/2018\/05\/DSC_3318.jpg\"><img loading=\"lazy\" decoding=\"async\" class=\"alignnone size-medium wp-image-1463\" src=\"https:\/\/tennisclub86-ovenhausen.lima-city.de\/wp-content\/uploads\/2018\/05\/DSC_3318-290x193.jpg\" alt=\"\" width=\"290\" height=\"193\" srcset=\"https:\/\/tennisclub86-ovenhausen.lima-city.de\/wp-content\/uploads\/2018\/05\/DSC_3318-290x193.jpg 290w, https:\/\/tennisclub86-ovenhausen.lima-city.de\/wp-content\/uploads\/2018\/05\/DSC_3318-768x510.jpg 768w, https:\/\/tennisclub86-ovenhausen.lima-city.de\/wp-content\/uploads\/2018\/05\/DSC_3318-1024x680.jpg 1024w, https:\/\/tennisclub86-ovenhausen.lima-city.de\/wp-content\/uploads\/2018\/05\/DSC_3318.jpg 1920w\" sizes=\"auto, (max-width: 290px) 100vw, 290px\" \/><\/a> <a href=\"https:\/\/tennisclub86-ovenhausen.lima-city.de\/wp-content\/uploads\/2018\/05\/DSC_3324.jpg\"><img loading=\"lazy\" decoding=\"async\" class=\"alignnone wp-image-1464 size-medium\" src=\"https:\/\/tennisclub86-ovenhausen.lima-city.de\/wp-content\/uploads\/2018\/05\/DSC_3324-290x193.jpg\" alt=\"\" width=\"290\" height=\"193\" srcset=\"https:\/\/tennisclub86-ovenhausen.lima-city.de\/wp-content\/uploads\/2018\/05\/DSC_3324-290x193.jpg 290w, https:\/\/tennisclub86-ovenhausen.lima-city.de\/wp-content\/uploads\/2018\/05\/DSC_3324-768x510.jpg 768w, https:\/\/tennisclub86-ovenhausen.lima-city.de\/wp-content\/uploads\/2018\/05\/DSC_3324-1024x680.jpg 1024w, https:\/\/tennisclub86-ovenhausen.lima-city.de\/wp-content\/uploads\/2018\/05\/DSC_3324.jpg 1920w\" sizes=\"auto, (max-width: 290px) 100vw, 290px\" \/><\/a> <a href=\"https:\/\/tennisclub86-ovenhausen.lima-city.de\/wp-content\/uploads\/2018\/05\/DSC_3326.jpg\"><img loading=\"lazy\" decoding=\"async\" class=\"alignnone wp-image-1465 size-medium\" src=\"https:\/\/tennisclub86-ovenhausen.lima-city.de\/wp-content\/uploads\/2018\/05\/DSC_3326-290x193.jpg\" alt=\"\" width=\"290\" height=\"193\" srcset=\"https:\/\/tennisclub86-ovenhausen.lima-city.de\/wp-content\/uploads\/2018\/05\/DSC_3326-290x193.jpg 290w, https:\/\/tennisclub86-ovenhausen.lima-city.de\/wp-content\/uploads\/2018\/05\/DSC_3326-768x510.jpg 768w, https:\/\/tennisclub86-ovenhausen.lima-city.de\/wp-content\/uploads\/2018\/05\/DSC_3326-1024x680.jpg 1024w, https:\/\/tennisclub86-ovenhausen.lima-city.de\/wp-content\/uploads\/2018\/05\/DSC_3326.jpg 1920w\" sizes=\"auto, (max-width: 290px) 100vw, 290px\" \/><\/a> <a href=\"https:\/\/tennisclub86-ovenhausen.lima-city.de\/wp-content\/uploads\/2018\/05\/DSC_3341.jpg\"><img loading=\"lazy\" decoding=\"async\" class=\"alignnone wp-image-1466 size-medium\" src=\"https:\/\/tennisclub86-ovenhausen.lima-city.de\/wp-content\/uploads\/2018\/05\/DSC_3341-290x193.jpg\" alt=\"\" width=\"290\" height=\"193\" srcset=\"https:\/\/tennisclub86-ovenhausen.lima-city.de\/wp-content\/uploads\/2018\/05\/DSC_3341-290x193.jpg 290w, https:\/\/tennisclub86-ovenhausen.lima-city.de\/wp-content\/uploads\/2018\/05\/DSC_3341-768x510.jpg 768w, https:\/\/tennisclub86-ovenhausen.lima-city.de\/wp-content\/uploads\/2018\/05\/DSC_3341-1024x680.jpg 1024w, https:\/\/tennisclub86-ovenhausen.lima-city.de\/wp-content\/uploads\/2018\/05\/DSC_3341.jpg 1920w\" sizes=\"auto, (max-width: 290px) 100vw, 290px\" \/><\/a> <a href=\"https:\/\/tennisclub86-ovenhausen.lima-city.de\/wp-content\/uploads\/2018\/05\/DSC_3353.jpg\"><img loading=\"lazy\" decoding=\"async\" class=\"alignnone wp-image-1467 size-medium\" src=\"https:\/\/tennisclub86-ovenhausen.lima-city.de\/wp-content\/uploads\/2018\/05\/DSC_3353-290x193.jpg\" alt=\"\" width=\"290\" height=\"193\" srcset=\"https:\/\/tennisclub86-ovenhausen.lima-city.de\/wp-content\/uploads\/2018\/05\/DSC_3353-290x193.jpg 290w, https:\/\/tennisclub86-ovenhausen.lima-city.de\/wp-content\/uploads\/2018\/05\/DSC_3353-768x510.jpg 768w, https:\/\/tennisclub86-ovenhausen.lima-city.de\/wp-content\/uploads\/2018\/05\/DSC_3353-1024x680.jpg 1024w, https:\/\/tennisclub86-ovenhausen.lima-city.de\/wp-content\/uploads\/2018\/05\/DSC_3353.jpg 1920w\" sizes=\"auto, (max-width: 290px) 100vw, 290px\" \/><\/a> <a href=\"https:\/\/tennisclub86-ovenhausen.lima-city.de\/wp-content\/uploads\/2018\/05\/DSC_3360.jpg\"><img loading=\"lazy\" decoding=\"async\" class=\"alignnone wp-image-1468 size-medium\" src=\"https:\/\/tennisclub86-ovenhausen.lima-city.de\/wp-content\/uploads\/2018\/05\/DSC_3360-290x193.jpg\" alt=\"\" width=\"290\" height=\"193\" srcset=\"https:\/\/tennisclub86-ovenhausen.lima-city.de\/wp-content\/uploads\/2018\/05\/DSC_3360-290x193.jpg 290w, https:\/\/tennisclub86-ovenhausen.lima-city.de\/wp-content\/uploads\/2018\/05\/DSC_3360-768x510.jpg 768w, https:\/\/tennisclub86-ovenhausen.lima-city.de\/wp-content\/uploads\/2018\/05\/DSC_3360-1024x680.jpg 1024w, https:\/\/tennisclub86-ovenhausen.lima-city.de\/wp-content\/uploads\/2018\/05\/DSC_3360.jpg 1920w\" sizes=\"auto, (max-width: 290px) 100vw, 290px\" \/><\/a> <a href=\"https:\/\/tennisclub86-ovenhausen.lima-city.de\/wp-content\/uploads\/2018\/05\/DSC_3364.jpg\"><img loading=\"lazy\" decoding=\"async\" class=\"alignnone wp-image-1469 size-medium\" src=\"https:\/\/tennisclub86-ovenhausen.lima-city.de\/wp-content\/uploads\/2018\/05\/DSC_3364-290x193.jpg\" alt=\"\" width=\"290\" height=\"193\" srcset=\"https:\/\/tennisclub86-ovenhausen.lima-city.de\/wp-content\/uploads\/2018\/05\/DSC_3364-290x193.jpg 290w, https:\/\/tennisclub86-ovenhausen.lima-city.de\/wp-content\/uploads\/2018\/05\/DSC_3364-768x510.jpg 768w, https:\/\/tennisclub86-ovenhausen.lima-city.de\/wp-content\/uploads\/2018\/05\/DSC_3364-1024x680.jpg 1024w, https:\/\/tennisclub86-ovenhausen.lima-city.de\/wp-content\/uploads\/2018\/05\/DSC_3364.jpg 1920w\" sizes=\"auto, (max-width: 290px) 100vw, 290px\" \/><\/a> <a href=\"https:\/\/tennisclub86-ovenhausen.lima-city.de\/wp-content\/uploads\/2018\/05\/DSC_3430.jpg\"><img loading=\"lazy\" decoding=\"async\" class=\"alignnone wp-image-1470 size-medium\" src=\"https:\/\/tennisclub86-ovenhausen.lima-city.de\/wp-content\/uploads\/2018\/05\/DSC_3430-290x193.jpg\" alt=\"\" width=\"290\" height=\"193\" srcset=\"https:\/\/tennisclub86-ovenhausen.lima-city.de\/wp-content\/uploads\/2018\/05\/DSC_3430-290x193.jpg 290w, https:\/\/tennisclub86-ovenhausen.lima-city.de\/wp-content\/uploads\/2018\/05\/DSC_3430-768x510.jpg 768w, https:\/\/tennisclub86-ovenhausen.lima-city.de\/wp-content\/uploads\/2018\/05\/DSC_3430-1024x680.jpg 1024w, https:\/\/tennisclub86-ovenhausen.lima-city.de\/wp-content\/uploads\/2018\/05\/DSC_3430.jpg 1920w\" sizes=\"auto, (max-width: 290px) 100vw, 290px\" \/><\/a> <a href=\"https:\/\/tennisclub86-ovenhausen.lima-city.de\/wp-content\/uploads\/2018\/05\/DSC_3449.jpg\"><img loading=\"lazy\" decoding=\"async\" class=\"alignnone wp-image-1471 size-medium\" src=\"https:\/\/tennisclub86-ovenhausen.lima-city.de\/wp-content\/uploads\/2018\/05\/DSC_3449-290x193.jpg\" alt=\"\" width=\"290\" height=\"193\" srcset=\"https:\/\/tennisclub86-ovenhausen.lima-city.de\/wp-content\/uploads\/2018\/05\/DSC_3449-290x193.jpg 290w, https:\/\/tennisclub86-ovenhausen.lima-city.de\/wp-content\/uploads\/2018\/05\/DSC_3449-768x510.jpg 768w, https:\/\/tennisclub86-ovenhausen.lima-city.de\/wp-content\/uploads\/2018\/05\/DSC_3449-1024x680.jpg 1024w, https:\/\/tennisclub86-ovenhausen.lima-city.de\/wp-content\/uploads\/2018\/05\/DSC_3449.jpg 1920w\" sizes=\"auto, (max-width: 290px) 100vw, 290px\" \/><\/a> <a href=\"https:\/\/tennisclub86-ovenhausen.lima-city.de\/wp-content\/uploads\/2018\/05\/DSC_3454.jpg\"><img loading=\"lazy\" decoding=\"async\" class=\"alignnone wp-image-1472 size-medium\" src=\"https:\/\/tennisclub86-ovenhausen.lima-city.de\/wp-content\/uploads\/2018\/05\/DSC_3454-290x193.jpg\" alt=\"\" width=\"290\" height=\"193\" srcset=\"https:\/\/tennisclub86-ovenhausen.lima-city.de\/wp-content\/uploads\/2018\/05\/DSC_3454-290x193.jpg 290w, https:\/\/tennisclub86-ovenhausen.lima-city.de\/wp-content\/uploads\/2018\/05\/DSC_3454-768x510.jpg 768w, https:\/\/tennisclub86-ovenhausen.lima-city.de\/wp-content\/uploads\/2018\/05\/DSC_3454-1024x680.jpg 1024w, https:\/\/tennisclub86-ovenhausen.lima-city.de\/wp-content\/uploads\/2018\/05\/DSC_3454.jpg 1920w\" sizes=\"auto, (max-width: 290px) 100vw, 290px\" \/><\/a><\/p>\n<p><strong><u>Spielpartien:<\/u><\/strong><\/p>\n<table>\n<tbody>\n<tr>\n<td width=\"304\"><strong>Spieler 1 \/ Team 1<br \/>\n<\/strong><\/td>\n<td width=\"307\"><strong>Spieler 2 \/ Team 2<\/strong><\/td>\n<td width=\"156\"><strong>Ergebnis<\/strong><\/td>\n<\/tr>\n<tr>\n<td width=\"304\">Alfons \/ Gabriel<\/td>\n<td width=\"307\">Regina \/ Karl-Heinz<\/td>\n<td width=\"156\"><strong>2:0<\/strong><\/td>\n<\/tr>\n<tr>\n<td width=\"304\">Elmar \/Heiner<\/td>\n<td width=\"307\">Matti \/ Johannes<\/td>\n<td width=\"156\"><strong>2:1<br \/>\n<\/strong><\/td>\n<\/tr>\n<tr>\n<td width=\"304\">Taribo \/ Judith<\/td>\n<td width=\"307\">Arne \/ Andr\u00e9<\/td>\n<td width=\"156\"><strong>0:5<br \/>\n<\/strong><\/td>\n<\/tr>\n<tr>\n<td width=\"304\">Martin \/ Karl-Heinz<\/td>\n<td width=\"307\">Regina \/ Johannes<\/td>\n<td width=\"156\"><strong>4:2<br \/>\n<\/strong><\/td>\n<\/tr>\n<tr>\n<td width=\"304\">Matti \/ Judtih<\/td>\n<td width=\"307\">Arne \/ Taribo<\/td>\n<td width=\"156\"><strong>2:3<br \/>\n<\/strong><\/td>\n<\/tr>\n<tr>\n<td width=\"304\">Gabriel \/ Heiner<\/td>\n<td width=\"307\">Elmar \/ Alfons<\/td>\n<td width=\"156\"><strong>2:3<br \/>\n<\/strong><\/td>\n<\/tr>\n<tr>\n<td width=\"304\">Karl-Heinz \/ Johannes<\/td>\n<td width=\"307\">Martin \/ Regina<\/td>\n<td width=\"156\"><strong>0:3<br \/>\n<\/strong><\/td>\n<\/tr>\n<tr>\n<td width=\"304\">Andr\u00e9 \/ Heiner<\/td>\n<td width=\"307\">Judith \/ Taribo<\/td>\n<td width=\"156\"><strong>3:0<br \/>\n<\/strong><\/td>\n<\/tr>\n<tr>\n<td width=\"304\">Alfons \/ Martin<\/td>\n<td width=\"307\">Gabriel \/ Elias<\/td>\n<td width=\"156\"><strong>4:3<br \/>\n<\/strong><\/td>\n<\/tr>\n<tr>\n<td width=\"304\">Andr\u00e9 \/ Elmar<\/td>\n<td width=\"307\">Heiner \/ Matti<\/td>\n<td width=\"156\"><strong>5:0<br \/>\n<\/strong><\/td>\n<\/tr>\n<tr>\n<td width=\"304\">Alfons \/ Regina<\/td>\n<td width=\"307\">Garbriel \/ Arne<\/td>\n<td width=\"156\"><strong>3:1<br \/>\n<\/strong><\/td>\n<\/tr>\n<tr>\n<td width=\"304\">Elmar \/ Elias<\/td>\n<td width=\"307\">Karl-Heinz \/ Judith<\/td>\n<td width=\"156\"><strong>4:2<br \/>\n<\/strong><\/td>\n<\/tr>\n<tr>\n<td width=\"304\">Matti \/ Andr\u00e9<\/td>\n<td width=\"307\">Johannes \/ Taribo<\/td>\n<td width=\"156\"><strong>5:1<\/strong><\/td>\n<\/tr>\n<tr>\n<td width=\"304\">Martin \/ Elias<\/td>\n<td width=\"307\">Arne \/ Elmar (a.W.)<\/td>\n<td width=\"156\"><strong>2:3<\/strong><\/td>\n<\/tr>\n<\/tbody>\n<\/table>\n<p><strong><u>Platzierungen \/ Auswertung:<\/u><\/strong><\/p>\n<table>\n<tbody>\n<tr>\n<td width=\"399\"><strong><u>Name<\/u><\/strong><\/td>\n<td width=\"130\"><strong><u>Spiele<\/u><\/strong><\/td>\n<td width=\"118\"><strong><u>Punkte <\/u><\/strong><\/td>\n<td width=\"121\"><strong><u>Siege<\/u><\/strong><\/td>\n<\/tr>\n<tr>\n<td width=\"399\">1.\u00a0\u00a0\u00a0 Andr\u00e9 Meyer<\/td>\n<td width=\"130\">4<\/td>\n<td width=\"118\">18<\/td>\n<td width=\"121\">4<\/td>\n<\/tr>\n<tr>\n<td width=\"399\">2.\u00a0\u00a0\u00a0 Elmar Derwig<\/td>\n<td width=\"130\">4<\/td>\n<td width=\"118\">14<\/td>\n<td width=\"121\">4<\/td>\n<\/tr>\n<tr>\n<td width=\"399\">3.\u00a0\u00a0\u00a0 Alfons Kleine<\/td>\n<td width=\"130\">4<\/td>\n<td width=\"118\">12<\/td>\n<td width=\"121\">4<\/td>\n<\/tr>\n<tr>\n<td width=\"399\">4.\u00a0\u00a0\u00a0 Martin Zimmermann<\/td>\n<td width=\"130\">4<\/td>\n<td width=\"118\">13<\/td>\n<td width=\"121\">3<\/td>\n<\/tr>\n<tr>\n<td width=\"399\">5.\u00a0\u00a0\u00a0 Arne Wachter<\/td>\n<td width=\"130\">4<\/td>\n<td width=\"118\">12<\/td>\n<td width=\"121\">3<\/td>\n<\/tr>\n<tr>\n<td width=\"399\">6.\u00a0\u00a0\u00a0 Regina Zimmermann<\/td>\n<td width=\"130\">4<\/td>\n<td width=\"118\">8<\/td>\n<td width=\"121\">2<\/td>\n<\/tr>\n<tr>\n<td width=\"399\">7.\u00a0\u00a0\u00a0 Heiner Kleine<\/td>\n<td width=\"130\">4<\/td>\n<td width=\"118\">7<\/td>\n<td width=\"121\">2<\/td>\n<\/tr>\n<tr>\n<td width=\"399\">8.\u00a0\u00a0\u00a0 Elias Derwig<\/td>\n<td width=\"130\">3<\/td>\n<td width=\"118\">9<\/td>\n<td width=\"121\">1<\/td>\n<\/tr>\n<tr>\n<td width=\"399\">9.\u00a0\u00a0\u00a0 Matti Gersch<\/td>\n<td width=\"130\">4<\/td>\n<td width=\"118\">8<\/td>\n<td width=\"121\">1<\/td>\n<\/tr>\n<tr>\n<td width=\"399\">10.\u00a0\u00a0\u00a0\u00a0\u00a0\u00a0\u00a0\u00a0 Gabriel Wachter<\/td>\n<td width=\"130\">4<\/td>\n<td width=\"118\">8<\/td>\n<td width=\"121\">1<\/td>\n<\/tr>\n<tr>\n<td width=\"399\">11.\u00a0\u00a0\u00a0\u00a0\u00a0\u00a0\u00a0\u00a0 Karl- Heinz Ma\u00dfmann<\/td>\n<td width=\"130\">4<\/td>\n<td width=\"118\">6<\/td>\n<td width=\"121\">1<\/td>\n<\/tr>\n<tr>\n<td width=\"399\">12.\u00a0\u00a0\u00a0\u00a0\u00a0\u00a0\u00a0\u00a0 Taribo T\u00f6nnes<\/td>\n<td width=\"130\">4<\/td>\n<td width=\"118\">4<\/td>\n<td width=\"121\">1<\/td>\n<\/tr>\n<tr>\n<td width=\"399\">13.\u00a0\u00a0\u00a0\u00a0\u00a0\u00a0\u00a0\u00a0 Judith Wilczek<\/td>\n<td width=\"130\">4<\/td>\n<td width=\"118\">4<\/td>\n<td width=\"121\">0<\/td>\n<\/tr>\n<tr>\n<td width=\"399\">14.\u00a0\u00a0\u00a0\u00a0\u00a0\u00a0\u00a0\u00a0 Johannes Werdehausen<\/td>\n<td width=\"130\">4<\/td>\n<td width=\"118\">4<\/td>\n<td width=\"121\">0<\/td>\n<\/tr>\n<\/tbody>\n<\/table>\n<p><strong><u>\u00a0<\/u><\/strong><\/p>\n<p>&nbsp;<\/p>\n","protected":false},"excerpt":{"rendered":"<p>Am Sonntag, den 06.05.2018 um 13:00Uhr fand das Schleifchenturnier des TC\u00b486 Ovenhausen auf der Tennisanlage in Ovenhausen statt. Bei fantastischen Wetter (24 Grad und leichter Wind) konnten wir auf dem bestens hergerichteten Platz das Schleifchenturnier 2018 ausspielen. Hierbei werden die&hellip; <\/p>\n","protected":false},"author":1,"featured_media":0,"parent":190,"menu_order":0,"comment_status":"closed","ping_status":"closed","template":"","meta":{"_mc_calendar":[],"footnotes":""},"class_list":["post-1477","page","type-page","status-publish","hentry"],"_links":{"self":[{"href":"https:\/\/tennisclub86-ovenhausen.lima-city.de\/index.php?rest_route=\/wp\/v2\/pages\/1477","targetHints":{"allow":["GET"]}}],"collection":[{"href":"https:\/\/tennisclub86-ovenhausen.lima-city.de\/index.php?rest_route=\/wp\/v2\/pages"}],"about":[{"href":"https:\/\/tennisclub86-ovenhausen.lima-city.de\/index.php?rest_route=\/wp\/v2\/types\/page"}],"author":[{"embeddable":true,"href":"https:\/\/tennisclub86-ovenhausen.lima-city.de\/index.php?rest_route=\/wp\/v2\/users\/1"}],"replies":[{"embeddable":true,"href":"https:\/\/tennisclub86-ovenhausen.lima-city.de\/index.php?rest_route=%2Fwp%2Fv2%2Fcomments&post=1477"}],"version-history":[{"count":2,"href":"https:\/\/tennisclub86-ovenhausen.lima-city.de\/index.php?rest_route=\/wp\/v2\/pages\/1477\/revisions"}],"predecessor-version":[{"id":1479,"href":"https:\/\/tennisclub86-ovenhausen.lima-city.de\/index.php?rest_route=\/wp\/v2\/pages\/1477\/revisions\/1479"}],"up":[{"embeddable":true,"href":"https:\/\/tennisclub86-ovenhausen.lima-city.de\/index.php?rest_route=\/wp\/v2\/pages\/190"}],"wp:attachment":[{"href":"https:\/\/tennisclub86-ovenhausen.lima-city.de\/index.php?rest_route=%2Fwp%2Fv2%2Fmedia&parent=1477"}],"curies":[{"name":"wp","href":"https:\/\/api.w.org\/{rel}","templated":true}]}}