{"id":1678,"date":"2020-01-19T00:06:03","date_gmt":"2020-01-18T23:06:03","guid":{"rendered":"http:\/\/tennisclub86-ovenhausen.lima-city.de\/?page_id=1678"},"modified":"2020-01-19T00:06:04","modified_gmt":"2020-01-18T23:06:04","slug":"2019-3","status":"publish","type":"page","link":"https:\/\/tennisclub86-ovenhausen.lima-city.de\/?page_id=1678","title":{"rendered":"2019"},"content":{"rendered":"<p><br>\n<!--StartFragment--><\/p>\n\n\n<p>In diesem\nJahr haben wir erstmals eine Doppel- Vereinsmeisterschaft gespielt. Insgesamt nahmen\n8 Spieler an der Doppel- Vereinsmeisterschaft teil. Die Teams wurden ausgelost.\nDer Spielzeitraum war vom 07.09.2019 \u2013 22.09.2019. Der Turniermodus war jeder\ngegen jeden mit einem Finale der beiden besten Teams.<\/p>\n\n\n\n<p><strong>Teilnehmer:\n<\/strong><\/p>\n\n\n\n<p>Lars Kuphal <br>\nTaribo T\u00f6nnes<br>\nPascal Kleine<br>\nKarl Ma\u00dfmann<br>\nMartin Zimmermann<br>\nHenning Le\u00dfmann<br>\nTim W\u00f6stefeld<br>\nAndr\u00e9 Meyer<\/p>\n\n\n\n<p><strong>Ausgeloste\nTeams:<\/strong><\/p>\n\n\n\n<p><strong><em>Team 1:<\/em><\/strong> Lars Kuphal &amp; Martin Zimmermann<br>\n<strong><em>Team 2:<\/em><\/strong> Andr\u00e9 Meyer &amp; Taribo T\u00f6nnes<br>\n<strong><em>Team 3:<\/em><\/strong> Karl Ma\u00dfmann &amp; Tim W\u00f6stefeld<br>\n<strong><em>Team 4:<\/em><\/strong> Pascal Kleine &amp; Henning Le\u00dfmann<\/p>\n\n\n\n<p><strong>Ergebnisse:<\/strong><\/p>\n\n\n\n<figure class=\"wp-block-table\"><table class=\"\"><tbody><tr><td> Taribo\/Andr\u00e9 gegen Karl\/Tim&nbsp; <\/td><td> 6:3 \u2013 6:0 <\/td><\/tr><tr><td> Pascal\/Henning gegen Martin\/Lars&nbsp; <\/td><td> 6:4 \u2013 3:6 \u2013 5:7 <\/td><\/tr><tr><td> Karl\/Tim gegen Pascal\/Henning <\/td><td> 3:6 \u2013 3:6 <\/td><\/tr><tr><td> Taribo\/Andr\u00e9 gegen Pascal\/Henning <\/td><td> 2:6 \u2013 6:3 \u2013 4:6 <\/td><\/tr><tr><td> Taribo\/Andr\u00e9 gegen Martin\/Lars&nbsp; <\/td><td> 6:3 \u2013 2:6 \u2013 6:1 <\/td><\/tr><tr><td> Martin\/Lars gegen Karl\/Tim (Ausfall)<\/td><td> 0:6 \u2013 0:6 <\/td><\/tr><\/tbody><\/table><\/figure>\n\n\n\n<p><strong>Finale:<\/strong><\/p>\n\n\n\n<figure class=\"wp-block-table\"><table class=\"\"><tbody><tr><td> Taribo\/Andr\u00e9 gegen Alfons\/Henning<\/td><td> 6:1 \u2013 6:3         <\/td><\/tr><\/tbody><\/table><\/figure>\n\n\n\n<p><strong>Sieger der Doppel- Vereinsmeisterschaften 2019<\/strong><br>Taribo T\u00f6nnes &amp; Andr\u00e9 Meyer<\/p>\n\n\n\n<figure class=\"wp-block-image size-large\"><img loading=\"lazy\" decoding=\"async\" width=\"1024\" height=\"728\" src=\"https:\/\/tennisclub86-ovenhausen.lima-city.de\/wp-content\/uploads\/2020\/01\/IMG-20190923-WA0006-1024x728.jpg\" alt=\"\" class=\"wp-image-1665\" srcset=\"https:\/\/tennisclub86-ovenhausen.lima-city.de\/wp-content\/uploads\/2020\/01\/IMG-20190923-WA0006-1024x728.jpg 1024w, https:\/\/tennisclub86-ovenhausen.lima-city.de\/wp-content\/uploads\/2020\/01\/IMG-20190923-WA0006-290x206.jpg 290w, https:\/\/tennisclub86-ovenhausen.lima-city.de\/wp-content\/uploads\/2020\/01\/IMG-20190923-WA0006-768x546.jpg 768w, https:\/\/tennisclub86-ovenhausen.lima-city.de\/wp-content\/uploads\/2020\/01\/IMG-20190923-WA0006.jpg 1086w\" sizes=\"auto, (max-width: 1024px) 100vw, 1024px\" \/><figcaption>Von links nach rechts: Andr\u00e9 Meyer, Taribo T\u00f6nnes, Alfons Kleine, Henning Le\u00dfmann<\/figcaption><\/figure>\n\n\n<p><!--EndFragment--><br \/><br \/><\/p>","protected":false},"excerpt":{"rendered":"<p>In diesem Jahr haben wir erstmals eine Doppel- Vereinsmeisterschaft gespielt. Insgesamt nahmen 8 Spieler an der Doppel- Vereinsmeisterschaft teil. Die Teams wurden ausgelost. Der Spielzeitraum war vom 07.09.2019 \u2013 22.09.2019. Der Turniermodus war jeder gegen jeden mit einem Finale der&hellip; <\/p>\n","protected":false},"author":1,"featured_media":1665,"parent":0,"menu_order":0,"comment_status":"closed","ping_status":"closed","template":"","meta":{"_mc_calendar":[],"footnotes":""},"class_list":["post-1678","page","type-page","status-publish","has-post-thumbnail","hentry"],"_links":{"self":[{"href":"https:\/\/tennisclub86-ovenhausen.lima-city.de\/index.php?rest_route=\/wp\/v2\/pages\/1678","targetHints":{"allow":["GET"]}}],"collection":[{"href":"https:\/\/tennisclub86-ovenhausen.lima-city.de\/index.php?rest_route=\/wp\/v2\/pages"}],"about":[{"href":"https:\/\/tennisclub86-ovenhausen.lima-city.de\/index.php?rest_route=\/wp\/v2\/types\/page"}],"author":[{"embeddable":true,"href":"https:\/\/tennisclub86-ovenhausen.lima-city.de\/index.php?rest_route=\/wp\/v2\/users\/1"}],"replies":[{"embeddable":true,"href":"https:\/\/tennisclub86-ovenhausen.lima-city.de\/index.php?rest_route=%2Fwp%2Fv2%2Fcomments&post=1678"}],"version-history":[{"count":1,"href":"https:\/\/tennisclub86-ovenhausen.lima-city.de\/index.php?rest_route=\/wp\/v2\/pages\/1678\/revisions"}],"predecessor-version":[{"id":1679,"href":"https:\/\/tennisclub86-ovenhausen.lima-city.de\/index.php?rest_route=\/wp\/v2\/pages\/1678\/revisions\/1679"}],"wp:featuredmedia":[{"embeddable":true,"href":"https:\/\/tennisclub86-ovenhausen.lima-city.de\/index.php?rest_route=\/wp\/v2\/media\/1665"}],"wp:attachment":[{"href":"https:\/\/tennisclub86-ovenhausen.lima-city.de\/index.php?rest_route=%2Fwp%2Fv2%2Fmedia&parent=1678"}],"curies":[{"name":"wp","href":"https:\/\/api.w.org\/{rel}","templated":true}]}}